 and 35.
7
Let l be 1*((-46)/(-14) - 2/7). Calculate the greatest common factor of l and 87.
3
Suppose -4*p + 1 = -3. Let b be -2 - (p - 2)*2. Suppose 3*y - 396 = -b*y. What is the greatest common divisor of 12 and y?
12
Let y = 15 - 9. Suppose 0 - y = -2*x. Suppose -x*b + 30 + 15 = 0. Calculate the highest common factor of b and 30.
15
Suppose 1452 = 4*b - 2*h, 0 = -2*b - h - h + 738. Suppose 6*d - b = -5*x + d, 4*x - 283 = 5*d. What is the highest common factor of x and 18?
18
Let k = 180 + -119. Let l = k - 21. Let z be l/6 - 6/9. Calculate the greatest common divisor of z and 48.
6
Let b be 4/(-6) + 11/3. Suppose w + 2*q - 13 = -2*q, 0 = -3*w + b*q + 24. What is the greatest common divisor of 27 and w?
9
Suppose -9*l = -1060 - 560. Calculate the highest common divisor of l and 20.
20
Suppose 0 = 2*n - 0*n - 2. Suppose n = 2*v - 3*v. Let o be -5*v*(-2 - -3). Calculate the greatest common divisor of o and 40.
5
Let j be 3/9 - (-314)/3. Suppose 4*n + 5*u = -n + j, 3*u = 3*n - 57. Calculate the greatest common divisor of n and 20.
20
Suppose -n - n = 10, -3*n = -4*w + 27. Calculate the greatest common factor of 12 and w.
3
Let v(k) = k**2 - 5*k + 4. Let w be v(5). Suppose -5*o - 33 = -0*q - 2*q, -q = -w*o - 18. Calculate the greatest common factor of q and 14.
14
Suppose 7*h + 22 = 8*h. What is the highest common factor of 11 and h?
11
Suppose 20*u = 24*u - 36. What is the highest common factor of u and 3?
3
Suppose 0 = 3*o + o + 5*d - 20, 2*d = -2*o + 10. Let g be ((-3)/2)/((-27)/720). What is the greatest common factor of o and g?
5
Suppose -5*g = 5, 4*x + 95 - 244 = 5*g. Let i be (0/(-2))/(-1) - -24. What is the highest common factor of i and x?
12
Let l = 44 - 21. What is the greatest common divisor of 138 and l?
23
Suppose -2*v = -2*s - 26, -5*v + 2*s - 15 + 65 = 0. Calculate the greatest common divisor of 32 and v.
8
Let w be (-114)/(1 + -3) - -3. What is the greatest common factor of w and 90?
30
Suppose 3*a = 27 + 6. Let k be ((-363)/18)/a*-6. What is the highest common divisor of 77 and k?
11
Let c(m) = -m + 72. Let s be c(0). What is the highest common divisor of s and 48?
24
Suppose -5*g + 25 = -40. What is the highest common divisor of 13 and g?
13
Let g(k) = -k**2 - 32*k - 78. Let c be g(-15). Calculate the highest common divisor of c and 118.
59
Let n be 1 + -1 - 8/(-4). Suppose 7*z - 15 = n*z. Calculate the highest common divisor of 9 and z.
3
Let t(v) be the first derivative of v**4/4 - 4*v**3/3 + 2*v + 1. Let n be t(4). Let x = -130 - -140. Calculate the highest common divisor of x and n.
2
Let o = -94 - -106. Calculate the greatest common divisor of o and 48.
12
Let g(i) = -3 + 4*i**2 + 3*i**2 + 0*i**2 + 0*i + 3*i + i**3. Let r be g(-6). Calculate the highest common factor of 45 and r.
15
Let w = -3 - -5. Suppose -4*t = c + w*c - 136, 2*c - 2*t - 86 = 0. Calculate the greatest common divisor of c and 11.
11
Let k(h) = h**2 - 2*h + 4. Let g be (-2)/6*1*-12. Let d be k(g). Calculate the greatest common factor of 12 and d.
12
Suppose -3*t + 315 + 180 = 0. What is the greatest common divisor of t and 15?
15
Suppose -5*r = w - 4*w - 79, -w = 3*r - 39. Calculate the highest common factor of r and 2.
2
Let u be 1308/54 + (-4)/18. Calculate the highest common divisor of u and 84.
12
Suppose 2*m = -2*m + 168. Suppose 19 = 3*k + 1. What is the highest common factor of m and k?
6
Let i = 30 - -9. Let p(w) be the second derivative of -w**5/20 + 5*w**4/12 - w**3/3 + w**2/2 - w. Let b be p(3). What is the greatest common factor of i and b?
13
Suppose -4 + 0 = -2*a. Suppose 4*h + a*k - 1188 = 5*k, -4*k = 4*h - 1188. Calculate the highest common factor of h and 27.
27
Let v = 9 + -9. Suppose v = 4*j + 5*t - 71, -t - 126 = -4*j - 25. What is the highest common divisor of j and 3?
3
Let m(z) = z**2 + 4*z - 5. Let k be m(-7). Let o = k - 5. Suppose -5*j = h + 4*h - 460, 4*j = -2*h + 360. What is the highest common divisor of j and o?
11
Suppose -107 - 49 = -4*k. Calculate the highest common divisor of 39 and k.
39
Let a(x) = 2*x**2 + x - 6. Let k be a(-6). Calculate the highest common factor of k and 30.
30
Let x = 10 + -3. Suppose -28 + 13 = -5*p. Suppose -p*m = -198 - 12. What is the greatest common divisor of m and x?
7
Suppose -3*g - 8 = -2*q, 0 = -2*q - g + 10 + 14. What is the highest common factor of 130 and q?
10
Suppose 0 = t - 5*t + 16. Let k be (1/3)/(2/6). What is the greatest common divisor of k and t?
1
Suppose -3*g = -15, -4*c - 5*g + 28 = -c. Let b = c + 3. Calculate the highest common factor of b and 20.
4
Let i = -8 + 9. Let j = 2 + -2. Suppose t + j = i. What is the highest common factor of t and 8?
1
Let j(m) = 80*m + 2. Let n be j(3). What is the greatest common factor of 22 and n?
22
Suppose 0 = 5*z + 7 - 17. Let i be (-1)/2 + (-129)/(-6). Let h = 31 - i. Calculate the highest common factor of h and z.
2
Let r be ((-41)/(-1) + -1)*2. Let d(k) = -2*k. Let l = 7 + -12. Let g be d(l). Calculate the highest common divisor of g and r.
10
Let c = -4 + 30. Let w(q) = -q - 5. Let d be w(-6). Suppose -2*n + 4*x - 6 = 0, -c = -5*x - d. Calculate the highest common factor of n and 7.
7
Suppose -11 = 5*q - 86. Calculate the greatest common divisor of 120 and q.
15
Let p(d) = -33*d**3 - d**2. Let m be p(-1). Suppose m = -3*y + 5*y. Calculate the highest common divisor of y and 144.
16
Let y be -2*1*8/(-4). Suppose 4*t = 3*t + 44. What is the highest common divisor of t and y?
4
Let i be (-20)/(-5) + -1 + 1. Let h(f) = 8*f - 3. Let a be h(i). Let d = 49 - a. Calculate the greatest common divisor of d and 50.
10
Let h be 2/(-3)*36/(-8). Suppose r + 0 = h. Suppose 15 = 2*c - r. Calculate the greatest common divisor of 1 and c.
1
Suppose -d + 2*d - 29 = -5*x, 0 = -5*d - 3*x + 189. What is the highest common factor of 390 and d?
39
Let l be 1/(-3) - 1332/(-27) - 2. What is the greatest common factor of l and 188?
47
Suppose g - 5*h + 9 = 0, -2 + 11 = g + h. Calculate the greatest common divisor of 30 and g.
6
Suppose 0 = o - 7*o + 72. Calculate the greatest common factor of 8 and o.
4
Let y be (-1)/((-12)/(-40))*(-102)/4. What is the greatest common divisor of 34 and y?
17
Let n(k) = k**3 + 2*k**2 - 1. Let s be n(4). What is the greatest common divisor of 38 and s?
19
Let n = 24 + -19. Let s be (-4 - -1) + n + 46. Calculate the highest common divisor of s and 12.
12
Let j be ((-4648)/(-72))/7 - (-2)/(-9). Calculate the greatest common divisor of 81 and j.
9
Suppose 2*b - b = 5. Let y(s) = s**2 + s + 2. Let n be y(b). Suppose 7*q - 33 + 5 = 0. What is the greatest common divisor of n and q?
4
Let c be (-1)/((18/(-33))/6). What is the greatest common factor of 341 and c?
11
Let r(b) = b**3 + 13*b**2 + b + 15. Let y be r(-13). Let l = y + 1. Let a = l - -19. What is the highest common divisor of a and 2?
2
Let o = -4 - -14. Calculate the highest common divisor of o and 70.
10
Suppose -3*w + 20 = -34. What is the greatest common factor of w and 2?
2
Let z(c) = 18*c - 2. Let n be z(1). Calculate the highest common factor of 2 and n.
2
Let g(k) = -k**3 + 6*k**2 + 6*k - 7. Let c be g(5). Calculate the greatest common divisor of 6 and c.
6
Suppose 4*u - 55 = 3*u - 3*p, 5*p + 95 = 3*u. Suppose -2*y = 2*j - 48, -4*y + 14 + u = 2*j. What is the highest common factor of j and 210?
21
Let r(y) be the first derivative of -y**4/4 + 7*y**3/3 + 2*y - 9. Let u be 47/7 - 2/(-7). Let f be r(u). Calculate the greatest common divisor of 3 and f.
1
Suppose v + 3*v - 24 = 0. Let z = 6 + -4. Suppose 2*f - 99 = -3*q, -z*f + q + 94 = -q. Calculate the highest common divisor of v and f.
6
Suppose 0*l = l - 1, x - 42 = 4*l. What is the highest common divisor of 138 and x?
46
Let j(m) = 2*m**2 + 6 - 8*m + 1 - 10*m**2 - m**3. Let p be j(-7). Calculate the highest common divisor of p and 42.
14
Let c(h) = 2*h + 4. Let p be c(-4). Let b(m) = -m**3 - 4*m**2 - m + 1. Let f be b(p). Suppose 64 = f*i - 76. Calculate the highest common divisor of 14 and i.
14
Let j(v) = 2*v - 5. Suppose p - 290 = -2*p + g, -2*g - 295 = -3*p. Let a be p/15 + (-2)/(-3). Let c be j(a). What is the greatest common divisor of c and 6?
3
Let j = -12 - -24. Suppose 5*t - j = 73. Calculate the highest common divisor of t and 68.
17
Suppose -2*n = -5*q - 25, -5*q + 12 = 2*n - 3. Suppose -4*g - n = 